lse
Let t be ((-42)/(-56))/(2/48). Let j be -2*3/t*-15. Let f = 18 - j. Is f a composite number?
False
Let t(c) = -c**3 + c + 3. Let k be t(-5). Suppose 2218 = 5*g + k. Is g a composite number?
False
Suppose -4*x + 0 = c - 18, 0 = -5*c + 4*x - 30. Is c/((-8)/15108*3) composite?
False
Let q(a) = 103*a**2 - 2*a + 1. Suppose 0*f + 10 = 3*f - 4*k, -4 = -3*f - 2*k. Is q(f) a prime number?
True
Let w(q) = 40*q + 9. Let u be w(12). Let m = u - 231. Is m - 6 - (-1)/(-1) a prime number?
True
Let p be 3 - (12/(-3) - -1). Suppose p*x - x - 453 = z, 2*x - 168 = -4*z. Suppose 0 = -4*q + x + 402. Is q a prime number?
False
Suppose -3*b - 1520 = -5*m, -56*m + 52*m - 4*b + 1248 = 0. Is m composite?
False
Let r be -2 - (0 + -5 + -26485). Is r/35 + (1 - 12/15) prime?
True
Suppose 0 = -4*y - x + 47086, 45779 = 4*y - 4*x - 1297. Is y prime?
False
Let o be -3 - (-1 + 2 + -2608 + 0). Suppose 2*j - 3*k - 1174 = 0, -2*k - o = -4*j - 256. Is j prime?
True
Let b be -2 + 9/18*(2324 - 2). Let j = b + -801. Is j a composite number?
True
Let r(t) = 2*t**2 + 7*t. Let b be r(-4). Suppose -o - b*o - 5*u = -30, 2 = -2*o + 5*u. Is 379 + -4 + o + 3 a composite number?
True
Let a = -33 - -35. Suppose -5*f + d = -a*f - 5065, -5*f = 5*d - 8455. Is f a composite number?
True
Let c(u) = -2382*u + 283. Is c(-5) a prime number?
False
Let f(j) = -30*j**2 - j + 2. Let u be f(1). Let v = u - -63. Is v composite?
True
Suppose -3*p - 1134 - 7092 = 0. Let k = -1199 - p. Is k a composite number?
False
Let t(n) = 2*n - 6. Let i be t(4). Suppose i*a - 660 = 2. Is a a composite number?
False
Let u(h) = h**3 + 6*h**2 + 4*h - 2. Let y be u(-5). Let l be (-1)/(-1 - (3 - y)). Suppose 0 = -g + l + 21. Is g a prime number?
False
Suppose -2*g + 42717 = -g + 5*b, -2*b + 85450 = 2*g. Is g prime?
True
Let u(l) = -l**2 + 5*l + 2. Let q be u(3). Let a be ((-3)/(-6))/(-4*(-2)/32). Suppose a*i - 2*h - 976 = 0, -q*i + 2431 = -3*i - 2*h. Is i prime?
False
Suppose -6*k + 8677 = 4*n - 11*k, -3*k = -2*n + 4337. Is n composite?
True
Let d be 1 - 4 - 3*-1439. Suppose 0 = 10*t - 7*t - d. Is t a composite number?
True
Suppose 170362 = 4*m + 14*f - 16*f, -2*f = -3*m + 127773. Is m prime?
True
Let h be (2/6)/((-1)/(-39)). Suppose -4*o + h = 3*q, -2*q - 2 + 6 = -2*o. Suppose -3*k - 2*v = -1225, -4*k + 2016 - 394 = -q*v. Is k prime?
False
Is -1 + 7/(77/296362) a prime number?
False
Let j(b) = -11*b**3 - 13*b**2 - 21*b - 3. Let d be j(-4). Let t be 2/(-8) - 3282/(-8). Suppose 7*n - d = t. Is n a prime number?
False
Let f = -56 - -60. Suppose 4*r - 4 = 4, 4*h = f*r + 612. Is h a prime number?
False
Let d be ((-15)/9 - -1)*-6. Suppose -5*j + 309 = -d*j. Suppose i - j = 4*z + z, -2*i - 3*z + 670 = 0. Is i a prime number?
False
Let u = -18123 - -28922. Is u prime?
True
Let i(n) = 5*n**2 + 4*n - 6. Let w(u) = -10*u + 6. Let d be w(3). Let t be (-114)/d + 2/8. Is i(t) composite?
False
Is 921/(-4)*2760/(-90) composite?
True
Suppose 4*l + l - 20 = -w, -12 = -3*l - 3*w. Let f = l + 0. Suppose -f*o + 98 = -114. Is o a prime number?
True
Let g(q) be the third derivative of 791*q**5/60 - q**4/24 - q**3/3 - 8*q**2. Let k be g(-1). Let t = k + -459. Is t prime?
True
Suppose o + 2*y - 24995 = 0, 3*o + 6*y = 7*y + 75006. Is o a composite number?
True
Suppose 59*a + 37086 = 73*a. Is a prime?
False
Let q be (-5 - -2) + (-8)/(-2). Let d be (q - (-41)/5)*145. Suppose -2*l + d = -0*l. Is l a prime number?
False
Let p(q) = q - 2. Let a be p(6). Let j = a - 1. Suppose -3*v + 208 = -0*w + w, j*v + 986 = 5*w. Is w prime?
True
Let d = 9118 - 5399. Is d a composite number?
False
Let z(x) = -x - 1. Let n(b) = -b + 12. Let k(q) = n(q) - 2*z(q). Let w be k(-11). Is (-1 + -162)*(2 - w) prime?
True
Suppose 4*u + 4*o + 1316 = 0, -5*u - 2*o - 1653 = -5*o. Suppose -2*x - 860 = 2*x. Let i = x - u. Is i composite?
True
Let g be (-15184)/(-1) - (-16)/8. Suppose -g = -4*b - 2*b. Is b composite?
False
Let n = -49 - -47. Is 14785/30 + n/(-12) a prime number?
False
Let k be 40/(-10) - 6120/(-2). Suppose k = 4*z - 2*g, -5*z - 4*g + 755 = -4*z. Is z a composite number?
True
Suppose -g - 5 = -5*c + 48, 3*g = 5*c - 209. Let b = g - -709. Is b composite?
False
Let n(a) = a**3 + 3*a**2 - 8*a - 10. Let p be n(-4). Let h(w) = 5*w**3 + 13*w**2 + 8*w - 7. Is h(p) composite?
True
Let j(b) = -4*b - 2. Let g be j(2). Let k = 1024 + -633. Let s = k + g. Is s a composite number?
True
Suppose 3*b + 317 = 2*b. Let s be 1 + -4 + 7 - 164. Let l = s - b. Is l composite?
False
Suppose 7062 + 1843 = 5*k - r, 5*k + 4*r = 8880. Let x = 13 + -8. Suppose -x*h = -h - k. Is h prime?
False
Let k(p) = -2*p - p + 19*p**2 + 0*p + 3. Let j be k(-5). Suppose -j = -2*l + 37. Is l a composite number?
True
Let q be (1/(-2)*2)/(1/4). Let a(z) = -10*z**3 + z - 5. Is a(q) a composite number?
False
Is (1 - (0 + -2))/((-90)/(-1156290)) a prime number?
True
Let x be (-6)/15*-5 + -115. Let l = 239 + x. Let s = -40 + l. Is s prime?
False
Suppose 0 = 43*t - 46*t - 981. Suppose w + 8*b - 1377 = 3*b, 5*b = 5*w - 6915. Let i = w + t. Is i composite?
True
Let x = 14 - 4. Suppose 3*n - 4*n + 4*l + 20 = 0, -5*n = -2*l - x. Let w(d) = -d + 179. Is w(n) prime?
True
Let v be (-2)/(-9) + (-2653)/(-9). Let x be (-9)/11 + 1 - 1852/22. Let a = v - x. Is a a prime number?
True
Let z = 1374 - 3670. Let c = -1145 - z. Is c prime?
True
Let g = -15 - -17. Suppose 140 = p + 3*y - 2*y, 3*p - g*y - 400 = 0. Suppose x - 2*x = -3*m - p, 0 = 2*x - m - 287. Is x a prime number?
False
Let h = -475 - -10041. Is h a composite number?
True
Let d(f) = 780*f + 253. Is d(10) a prime number?
True
Is (7/35*10)/(2/6227) a prime number?
False
Suppose 8*f - 23562 = 14702. Is f composite?
False
Let c = -5629 + 8124. Is c prime?
False
Let c(n) = -128*n - 205. Is c(-7) a composite number?
False
Suppose -6*n + n + 3*n = 0. Suppose -5*x + 3*x + 782 = n. Is x a prime number?
False
Let a(j) = 2*j + 12. Let n be a(-4). Suppose -n*d + 9126 = -4214. Suppose 3*v = -620 + d. Is v prime?
False
Suppose -56472 - 130550 = -22*x. Is x composite?
False
Let a(d) = 358*d**2 - 17*d - 142. Is a(-7) a composite number?
False
Suppose 0*c + 5*c - 3630 = 0. Let j = 1357 - c. Is j composite?
False
Let b(z) be the third derivative of 31*z**4/12 - 5*z**3/6 + 12*z**2. Is b(12) composite?
False
Suppose 2*j - 16 = 6*j, 2*q + 18 = -3*j. Let c be (-3)/((-9)/q) - -224. Suppose 2*t - c = 159. Is t composite?
False
Suppose -2*y + 0*w + 4*w - 6 = 0, -2*w = -4*y - 12. Is 12*((-39)/4)/y prime?
False
Let s = 653 - 264. Is s a prime number?
True
Let a = -29 + 153. Let m = a + 417. Is m a prime number?
True
Let s(p) = -p**2 + 8*p - 9. Let c be s(5). Is (3*26/c)/(-1)*-1 prime?
True
Suppose 929 + 1048 = s. Suppose -2*r + 6*c - 4*c = -786, 0 = -5*r + 2*c + s. Is r a composite number?
False
Suppose 0 = -4*r + 2*r - 88. Let l = r - -140. Let j = -59 + l. Is j a composite number?
False
Let d(c) = 357*c**2 + 2*c - 1. Let n be d(1). Suppose -14 = -3*s + n. Is s/((-4)/(-2)) + 3 prime?
False
Let l = -32 - -23. Let s(g) be the third derivative of -g**4/2 + g**3/6 - 2*g**2 - 55*g. Is s(l) a composite number?
False
Let d = -117 - -125. Suppose d*m - 25368 + 128 = 0. Is m composite?
True
Suppose 0*g - 5*g - 10 = 0. Let b be (-12)/(1 + g + 0). Suppose b*a - 565 = 7*a. Is a composite?
False
Suppose -359486 = -29*q + 66611. Is q a composite number?
True
Let g = -49 - -39. Let u(b) = -11*b + 8. Is u(g) a prime number?
False
Let h be 2/((-9)/((-108)/8)). Suppose f - 8*a = -4*a - 2, -2*f + a + 3 = 0. Suppose h*b = f*b + 301. Is b a prime number?
False
Let b = -96249 - -141890. Is b composite?
False
Suppose -5*l + 4646 = -949. Let n = -661 + l. Is n prime?
False
Let s = -2207 - -1292. Let u = -518 - s. Is u a prime number?
True
Is (-8 - -10)*(-3086)/(-4) composite?
False
Let h = -901 + -1057. Is (h/(-33))/((-4)/(-6)) prime?
True
Is ((-5411)/(-28) + -4)/((-2)/(-136)) composite?
True
Suppose -f = -5549 - 7058. Is f composite?
True
Let j = 10209 + -4948. Is j a prime number?
True
Let v = -2282 - -3805. Is v prime?
True
Let r(b) = -269*b - 127. Is r(-16) a composite number?
False
Let t = 693 - 455. Suppose d - 445 = t. Is d composite?
False
Let i = 210 - 318. Let v = -29 - i. Is v composite?
False
Let r(v) = v**3 - 3*v**2 + v - 3. Let g = -19 - -22. Let f be r(g). Suppose f = 5*x + 5*m - 1925, -x - 5*m - 13